. What is the units digit of q?
3
Let g(t) = -t**2 + 20*t - 20. Let j be g(18). Let k(w) = -3*w + 1. Let v be k(4). Let z = v + j. What is the units digit of z?
5
Let r be (-2 - (1 - 2)) + 8. Let j(z) = z**3 - 7*z**2 + z - 4. Let a be j(r). Suppose -a*w - 3*f + 78 = 0, 0 = -f - 1 - 2. What is the units digit of w?
9
Let b(s) = 23*s**2 - 18*s - 188. What is the thousands digit of b(-9)?
1
Let y be -1*1*(15/3 + -19). What is the units digit of 2/7 + (-4)/y + 49?
9
Suppose q = 4*h - 6524 - 1047, 4*h - 7581 = -q. What is the units digit of h?
4
Suppose 0 = -6*g + 4*g + 1810. What is the units digit of g?
5
Let o be 11 - (0/3 - -1). Suppose 72*s + 6 = 75*s. Suppose 0 = -s*u + 16 + o. What is the tens digit of u?
1
What is the units digit of ((-2)/1)/(5/(-2230))?
2
Suppose -30*t + 6146 = -23*t. What is the hundreds digit of t?
8
Suppose 3*x - 2986 = -5*k + 3737, 8938 = 4*x - 2*k. What is the units digit of x?
6
Let f = -44 + 56. Suppose -7*b = -2*b + 4*w - 64, f = -3*w. What is the tens digit of b?
1
Suppose -16 = -2*s - 4*p, -2*p = -3*s - 5*p + 18. Suppose -4*c = 4*w - 489 + 145, 3*c = -s*w + 345. What is the tens digit of w?
8
Let k(v) = -v - 1. Let p be k(5). Let j(y) = -y**3 - 7*y**2 - 8*y - 5. Let d be j(p). Let a(x) = x**2 - 4*x - 2. What is the tens digit of a(d)?
1
Let d be 1/3 + 0 + (-1781)/(-39). Suppose -2*m + 4 + d = 0. What is the tens digit of m?
2
Suppose -3*n + 12 = 9. What is the tens digit of n/2 + (-196)/16*-10?
2
Suppose -x - x + 6 = 0. Suppose -6 = x*n, n + 3*n - 46 = 3*q. Let p = 35 + q. What is the tens digit of p?
1
Let r(o) = -683 - 2*o + 695 - 13*o + o**3 + 12*o**2. Suppose 3*k = -11 - 28. What is the tens digit of r(k)?
3
Suppose -6*c - 4027 = -12025. What is the tens digit of c?
3
Suppose 0 = -9*w + 5*w + 20. Suppose -2*j - 1 = -w. Let u(p) = 2*p**3 - p**2 - 2*p - 1. What is the units digit of u(j)?
7
Suppose -3*c + 0 = -p - 5, -2*c + 20 = -4*p. Suppose -4*o + 4*x = 8*x - 912, -2*x + 10 = c. What is the hundreds digit of o?
2
Suppose -428*h = -440*h + 16620. What is the thousands digit of h?
1
Let n(t) = -1. Let q(z) = 8*z - 15. Let d(r) = -4*n(r) - q(r). What is the tens digit of d(-3)?
4
What is the thousands digit of (-2)/(-5) - ((-22869)/15 - -6)?
1
What is the hundreds digit of 300 - (0/(-5) + 5)?
2
Suppose 4*j + 48 = -2*l, -5*j + 2*l - 78 = -0*l. Let n(f) be the third derivative of -f**5/60 - 5*f**4/8 + 3*f**3/2 + f**2. What is the units digit of n(j)?
3
What is the thousands digit of -6*((-435)/2 + (-20)/(-20))?
1
Suppose 4*m = -4, 3*r = 7*r + m - 7. What is the units digit of r/8 - (-9414)/72?
1
Let k be (-4)/18 + (-2540)/(-90). Suppose 2*p - 40 = k. Suppose p + 0 = j. What is the tens digit of j?
3
Let y(s) = 134*s**2 - 14*s + 24. What is the tens digit of y(2)?
3
Suppose 0 = 15*c - 6*c - 48132. Suppose 14*g + 1456 = c. What is the hundreds digit of g?
2
Suppose -6*y + 4*y = 6. What is the units digit of ((-513)/y - 4) + 1?
8
Suppose 10*u - 8*u + 4*y - 4408 = 0, 3*u - 6597 = -y. What is the tens digit of u?
9
Suppose -4*y - 86 = -5*i, -4*i + 76 = -y - 4*y. What is the tens digit of (-108)/(-189) - (-2554)/i?
8
Let k(u) = u**3 - 2*u**2 + 2*u - 1. Let q be k(2). Suppose -2*h + 72 = -h - 3*j, -15 = -q*j. What is the units digit of h?
7
Suppose -2*k + 6*o + 1830 = 2*o, 3*k - 5*o = 2744. What is the units digit of k?
3
Suppose 8*m - 46*m + 131214 = 0. What is the units digit of m?
3
Suppose -283 = 3*b - 580. What is the units digit of b?
9
Let r(y) = -y**3 + 10*y**2 - 5*y - 9. Let p be r(9). Let s be (-178)/(-4) - 2/(-4). Let k = s - p. What is the tens digit of k?
1
Suppose -3*u - 3655 = -15*v + 10*v, v = -5*u + 731. What is the units digit of v?
1
What is the units digit of (-4)/2 + 444 + (-22)/11?
0
Suppose 5*y - 152 = -c + 409, -4*c + y + 2286 = 0. What is the units digit of c?
1
Let f(q) be the third derivative of q**5/60 + q**4/8 + 5*q**3/2 + 3*q**2. What is the units digit of f(-9)?
9
Let n(v) = 880*v - 137. What is the units digit of n(6)?
3
Let i(r) = 5*r**2 - 1. Let o be i(1). Suppose o + 20 = 4*s. What is the tens digit of (s - 2)/(-4) + 34?
3
What is the tens digit of 12/33 - 184092/(-253)?
2
Let h(d) = -2*d**2 + 10*d + 5. Let n(t) = t - 1. Let f(j) = -h(j) + 4*n(j). What is the tens digit of f(-4)?
4
Suppose 0 = 3*u + 3*u - 3282. What is the hundreds digit of u?
5
Let l(t) = -1. Let f(p) be the third derivative of -5*p**4/24 + p**3/2 - 8*p**2. Let d(k) = f(k) + 3*l(k). What is the tens digit of d(-2)?
1
Suppose 573 = 5*y - 812. What is the tens digit of y?
7
Let v(g) be the first derivative of 7*g**2/2 - 31*g + 2. What is the hundreds digit of v(22)?
1
Let u = -47 - -26. Let p be u/(-3) - (-1 + 3). Let n(r) = 15*r - 2. What is the units digit of n(p)?
3
Suppose -14 - 31 = 5*m. What is the units digit of 4 + (-2 - m*2)?
0
Let r be (-7548)/255*(0 + 1 + -6). Let h = 214 - r. What is the tens digit of h?
6
Let r = 71 - 101. Suppose 12 = -0*t - 3*t. Let l = t - r. What is the units digit of l?
6
Let s(m) = m**3 + 8*m**2 + 4*m - 16. Let g be s(-7). Let f(x) = 3*x - 9. Let y be f(g). Let n = 14 + y. What is the tens digit of n?
2
Let j(s) = -41*s**3 - 8*s**2 - 41*s - 10. What is the units digit of j(-4)?
0
Suppose 12 = 4*x - 2*l, 2*x - 9 = 5*l + 5. Let p(z) be the first derivative of z**2 - 3*z + 5. What is the units digit of p(x)?
1
Let j(k) = 2631*k + 32. What is the thousands digit of j(1)?
2
Let u(q) = 16*q + 2. Let c(o) = o**3 + 4*o**2 + o + 5. Let b be c(-4). Let t be u(b). What is the tens digit of (-6)/3 + t + 2?
1
Let r = 597 - 359. What is the hundreds digit of r?
2
Suppose -2*g + 0*m - m - 3 = 0, -10 = -5*g + m. Let c(d) be the first derivative of 59*d**3/3 - 2*d**2 + 2*d + 558. What is the tens digit of c(g)?
5
Suppose -2*w = -f + 18, -8 = 2*f + w - 29. What is the tens digit of (-91)/(-6) - 2/f?
1
Suppose -24 = -4*f - 2*l, -5*f + 5*l = -0*f - 15. Suppose 5*k = -c + 166, 0 = -7*c + 2*c + f. Let h = k - 24. What is the units digit of h?
9
Suppose 3*f - 5*g = -34, 0 = 2*f - f - 2*g + 13. Let p be 0 + f + (-4 - -9). What is the units digit of p - -57 - 2*2?
5
Suppose -6495 = -18*o + 4485. What is the tens digit of o?
1
Suppose 3*r - 383 = -m, m - 237 - 17 = -2*r. What is the units digit of r?
9
Let v = 34 + -33. What is the tens digit of -2 + 34/(v/1)?
3
Let x(n) = 19*n + 37. Let g be 2 - (0 - 10)*8/10. What is the units digit of x(g)?
7
Let a(g) = 137*g**2 - 2*g - 2. Let s be 3*2/(-6)*1. What is the hundreds digit of a(s)?
1
Suppose 1 - 131 = 5*z. Let r = -34 - z. Let y(k) = -k**2 - 12*k - 6. What is the tens digit of y(r)?
2
Let x = 97 - -10. Suppose -5*t + x = -3. Suppose -3 = -o + t. What is the units digit of o?
5
Suppose 0 = -x + 3*x - 142. Suppose -2*k - 7 = -x. What is the tens digit of k?
3
Suppose 113*b - 36*b - 185955 = 0. What is the thousands digit of b?
2
Let w(z) = -z**2 - 14*z + 12. Let c(i) = i - 3. Let j be c(3). Suppose t - q + 9 = j, -5*q = -0*t + 4*t + 72. What is the units digit of w(t)?
5
Let x(h) be the second derivative of -h**4/12 - 3*h**3 + 6*h**2 - 25*h + 2. Let c(v) = -2*v - 7. Let j be c(5). What is the units digit of x(j)?
9
Let z(k) = -3*k**3 + 3*k**2 + 3*k. Let x be (3/(-2) + 2)*12. Suppose -6*a = -3*a + x. What is the tens digit of z(a)?
3
Suppose -13*n + 4*d = -10*n - 30, -4*n = -5*d - 39. What is the units digit of n?
6
Let u(d) = -d + d**2 + 45 + d**2 - 60. What is the units digit of u(5)?
0
Let t(q) = -43*q - 13 + 9 + 2*q. What is the units digit of t(-1)?
7
Let h(v) = v**3 + 5*v**2 - v - 1. Let y be h(-5). Suppose y*n + 4*f = 5*n - 216, 0 = 3*f. What is the units digit of n?
6
Let b = -128 - 88. What is the tens digit of 2415/8 - 27/b?
0
Let c = -183 - -124. Let x = 29 + c. Let w = x + 58. What is the tens digit of w?
2
Let j = 811 + -327. What is the hundreds digit of j?
4
Suppose -117 = 11*x - 986. What is the units digit of x?
9
Suppose -38*v - 27*v + 95095 = 0. What is the hundreds digit of v?
4
Let s = 104 + -108. Let l(i) = -5*i**3 - 3*i**2 - i + 3. What is the units digit of l(s)?
9
What is the units digit of (4/(-12))/(6/(-10134))?
3
Let u = -106 + 445. Suppose -4*o - 47 = -u. What is the units digit of o?
3
Let y = 81 + -39. What is the units digit of (-117)/y*8*(-1 + -6)?
6
Suppose r = 4*w - 2530, -8*w + 639 = -7*w + 3*r. What is the tens digit of w?